 - 35/(-15). Suppose -3*v = 0, -5*v + v + 48 = c*r. Calculate the highest common factor of 8 and r.
8
Let w(s) = s + 15. Let i be w(-7). Suppose 72*l - 77*l = -160. Calculate the greatest common factor of l and i.
8
Let d be -92*(0 - -1)*4. Let v = 536 + d. Calculate the greatest common divisor of 24 and v.
24
Suppose 1069 - 222 = 7*p. Calculate the highest common divisor of p and 33.
11
Suppose -5*y - 285 = -5*h, -2*h + 7 = -1. Let l = 98 + y. What is the greatest common divisor of 30 and l?
15
Suppose 0 = i - 1 + 3. Let l be (i/(-3))/((5/150)/1). Calculate the highest common divisor of l and 220.
20
Suppose 1132 = 12*z - 1268. Calculate the highest common divisor of 25 and z.
25
Suppose h - 572 = -3*h + 3*u, h - 152 = 3*u. Let f = -36 + 56. Calculate the greatest common factor of f and h.
20
Let c = -23 + 33. Suppose 5*y - 220 = -c. Suppose 3*q + 0*u = u + 320, -310 = -3*q - u. What is the highest common divisor of q and y?
21
Suppose 39*y - 210 = 36*y. What is the greatest common divisor of 35 and y?
35
Suppose -2*p - 5*f + 747 = 133, 2*p = 3*f + 646. Let h = p + -217. Calculate the highest common divisor of 20 and h.
20
Let q(h) = -h**3 - 12*h**2 - 17*h + 4. Let y be q(-12). Let b(n) = n - 3. Let s be b(16). Calculate the highest common divisor of s and y.
13
Suppose -5*c - 69 = -2*f - 1, -2*c + 2*f = 26. Let a be (-35)/c*(0 + 2). Calculate the greatest common factor of 40 and a.
5
Suppose 1574 = 4*z - 3*z - 4*r, r = -2. What is the greatest common divisor of 27 and z?
27
Suppose -14 = 4*a - 2*m, -2*a = -a - 3*m + 6. Suppose 2*l + 84 = 4*h, 0 = -5*h + 2*l - l + 105. Let j = a + h. Calculate the highest common factor of j and 126.
18
Suppose 127*q - 140 = 123*q. What is the greatest common divisor of 175 and q?
35
Suppose 5*x = -4*h + 101 + 44, 0 = -h + 2*x + 20. Calculate the greatest common factor of h and 126.
6
Let y be (-334)/(-10) + (-6)/(-10). Let c be 20 + -1 + (-32)/16. Calculate the highest common divisor of y and c.
17
Let g(d) = 1. Let s(w) = 3*w - 6. Let y(h) = -21*g(h) - 3*s(h). Let o be y(-1). Suppose o*z - z - 80 = 0. What is the highest common divisor of z and 112?
16
Let t = -48 - -51. Suppose -5 = -2*d + 5, 0 = 4*o + t*d - 375. What is the greatest common factor of 30 and o?
30
Let z = 39 - 15. Let o be (-4*(-3)/z)/((-2)/(-56)). What is the highest common divisor of o and 126?
14
Suppose 3*n + 99 = 2*f - 5*f, -f - 135 = 4*n. Let d = n - -124. Calculate the greatest common factor of 15 and d.
15
Suppose 0*a - 2*a = 4*d - 30, -5*a + 3*d + 23 = 0. Suppose n + 462 = a*n. What is the highest common divisor of 11 and n?
11
Let z(c) = -7 - 6*c + 3*c**2 - 2*c**2 + 0*c**2. Let q = -26 - -35. Let s be z(q). What is the highest common factor of 30 and s?
10
Let p = -1754 + 2053. What is the highest common factor of 92 and p?
23
Let g(c) = 5*c**2 - c + 4. Let x be g(4). Suppose -2*f - l = -3*l - 16, 4*f - 2*l = 36. What is the highest common divisor of x and f?
10
Let b = 4 + 1. Suppose -h + 104 = -2*k - 66, 3*h = -4*k + 560. Suppose -b*j + 315 = -h. What is the highest common divisor of 66 and j?
33
Suppose 4*v - 5*v = 0. Suppose v = -10*s + 14*s + 16. Let q be -42*(-3)/((-12)/s). Calculate the greatest common divisor of q and 14.
14
Let m = 227 - 47. Let k(g) = g**2 - 5*g. Let t be k(-4). What is the highest common divisor of t and m?
36
Let p = -17 + 29. Suppose 0 = -126*z + 123*z + 324. Calculate the greatest common factor of p and z.
12
Suppose 4*s = 1469 - 461. What is the highest common factor of 9 and s?
9
Let n(s) = 156*s**2 - 18*s + 17. Let u be n(1). What is the greatest common divisor of 5 and u?
5
Let z be 17 + 8/((-4)/(-2)). Suppose -i + 25 = z. Calculate the greatest common divisor of 4 and i.
4
Suppose 0 = 3*g - 4*o - 4, 2*o + 1 = -1. Let h be 2/(-7) + 36/28 + g. What is the greatest common divisor of 8 and h?
1
Let b(f) = -f**3 - 3*f**2 + 20*f + 33. Let q be b(-6). What is the highest common factor of 112 and q?
7
Let x = -62 - -64. Suppose 4*n - x*q + 0*q = 230, -n + 75 = -4*q. Calculate the highest common factor of 22 and n.
11
Let b(j) = -j**2 + 8*j - 15. Let p be b(5). Let g(t) = 5*t + 5. Let u be g(p). Calculate the highest common divisor of 1 and u.
1
Let c be 58/6*8*3. Let w be c/13 - 6/(-39). What is the highest common factor of w and 126?
18
Let v = 43 - 30. Suppose -165 = u - 178. What is the greatest common factor of v and u?
13
Suppose h - 57 = -5*f, 2*h - 132 = -11*f + 7*f. What is the highest common divisor of 207 and h?
9
Let i(q) = q**2 - 6*q - 12. Let c be i(9). Suppose -5*r = f - 11, -4*f + 0 = 3*r - 27. Calculate the highest common divisor of f and c.
3
Suppose 4*w - 4*n = 20, -w = w + 5*n - 17. Let u be 18/27 + 404/w. Suppose a = 2*q + u, 5*q + 0 = -5. Calculate the greatest common divisor of a and 6.
6
Let x be 4/6*7749/14. What is the highest common factor of x and 164?
41
Suppose 4*w + 0*w = 32. Let y(i) = 137*i - 2. Let s be y(-1). Let d = 195 + s. What is the greatest common factor of d and w?
8
Let w be -8*8/128 - (-542)/4. What is the highest common factor of w and 405?
135
Let i be ((-336)/(-9))/(-8)*(0 + -6). What is the greatest common factor of 364 and i?
28
Suppose 0 = 8*l - 6*l + 5*b - 1803, -b = 5*l - 4542. What is the greatest common factor of 18 and l?
9
Let b(x) = -x + 4. Let o be b(2). Suppose 3*z - 6*z + 41 = 5*r, o*r - 26 = -2*z. Suppose 4*h - 16 = -4. Calculate the highest common factor of z and h.
3
Suppose -2*s + 33 = s. Suppose -s*b + 5*b + 60 = 0. Let i be 510/21 + b/(-35). What is the greatest common factor of i and 24?
24
Suppose 3*p = -5*x + 69, -3*x - 3*p = x - 57. Let o be -100*1*x/(-15). Let h = -49 - -59. Calculate the greatest common divisor of o and h.
10
Suppose 3*l = -15, 3*l + 215 = 4*c - 272. What is the highest common factor of 649 and c?
59
Suppose 2*w + w - 6 = 0. Suppose w*x - 3*x = -3. Let a(s) = s**3 - 4*s**2 + 3*s + 3. Let b be a(x). Calculate the greatest common factor of b and 21.
3
Suppose 0 = -19*t - 5*t + 336. Calculate the highest common divisor of 2954 and t.
14
Let o(t) = -8*t**2 + 43*t - 3. Let f be o(5). Calculate the greatest common factor of 66 and f.
6
Suppose -6*g + 68 = -2*g. Suppose -5*z + 7 - g = 0. Let w be (z/1)/(2/(-15)). What is the highest common factor of w and 60?
15
Suppose -2*b = -7*b + 320. Calculate the highest common divisor of b and 480.
32
Suppose 8*h - 24 - 24 = 0. Suppose x + 0*x - h = 5*j, 14 = -5*j - x. Let d be (-38)/j + (7 - 4). What is the greatest common divisor of 154 and d?
22
Suppose -2*t = -3*o + 2374, -o + 16*t = 14*t - 794. Calculate the highest common divisor of o and 30.
10
Let q = 1494 - 1186. Calculate the greatest common factor of 440 and q.
44
Let i = 1022 - 954. What is the greatest common factor of i and 20?
4
Let j = 18687 - 18678. Let b = 14 + -5. What is the highest common factor of b and j?
9
Let u be (-4)/(((-114)/(-27) + -4)*-1). Calculate the greatest common divisor of u and 414.
18
Suppose -2*x - 4 - 4 = 0. Let k be (-20)/x + -3 + 0. Calculate the highest common factor of k and 10.
2
Let t = 373 - 371. Let p = 10 + -6. Suppose 2*r - 28 = -4*m, -7 = -p*m + 13. Calculate the highest common divisor of t and r.
2
Let n be 2685/39 + 12/78. Calculate the greatest common factor of 23 and n.
23
Let u = -860 + 1121. What is the greatest common factor of 348 and u?
87
Let l be 27/108 + 574/8. Calculate the greatest common divisor of 120 and l.
24
Let u(a) = 8*a - 177. Let q be u(29). Calculate the greatest common factor of q and 66.
11
Let y = -2 + 5. Suppose -w - 1 = y*z - 0*z, -2*w - 3*z + 1 = 0. Suppose -4*i = 3*c - 19, -5*c + i = -45 - w. Calculate the greatest common factor of c and 18.
9
Suppose -918 = -5*o - 3*x, 277 = o + x + 93. Calculate the greatest common divisor of 3 and o.
3
Let i = -1 + 4. Suppose -4*o - 2 = i*q, -q + 2*o = q - 22. Suppose 3*w + 69 = q*w. Calculate the highest common divisor of w and 23.
23
Suppose -r = -3*r + 38. Let q be (-3)/5 + 98/35*7. Calculate the greatest common divisor of r and q.
19
Let b be (-1)/(3 - (-124)/(-40)). Suppose 12 = c + b. Let t = -11 - -19. What is the highest common factor of c and t?
2
Suppose -5*w - 4*m + 52 = 0, -18 = -4*w + 3*m + 5. What is the greatest common factor of w and 26?
2
Let v = 4 - -11. Suppose r - 3*r - 2*x + 10 = 0, v = -5*x